
Is 1099657781 a prime number?
True
Is 198291187 a composite number?
False
Is 5473235941 composite?
True
Is 836091533 prime?
False
Is 146071211045 a prime number?
False
Is 1188736789 a composite number?
False
Is 1480205851 composite?
True
Is 536067487 composite?
True
Is 50786853511 a prime number?
False
Is 428480167 a composite number?
True
Is 191104102355 composite?
True
Is 467113891 a composite number?
False
Is 4465739857 prime?
True
Is 17048857011 a prime number?
False
Is 11649653957 a prime number?
True
Is 6197199763 composite?
True
Is 1320005977 a prime number?
True
Is 11802912257 prime?
True
Is 14203547291 composite?
True
Is 247543657643 a composite number?
False
Is 4068011461 a composite number?
False
Is 16685345503 composite?
False
Is 38557143503 a prime number?
True
Is 224672018 a composite number?
True
Is 1363872403 a prime number?
True
Is 21611999069 composite?
False
Is 5243961631 a prime number?
False
Is 640515947 a prime number?
True
Is 1864664741 composite?
True
Is 17045714993 a composite number?
False
Is 45918109271 composite?
False
Is 1696335887 composite?
True
Is 877709939 a composite number?
False
Is 742779719 prime?
False
Is 983992129 prime?
True
Is 2171275889 prime?
True
Is 1146860023 a composite number?
False
Is 6216263993 a composite number?
False
Is 312177623 prime?
True
Is 708452167 composite?
True
Is 6776230217 a composite number?
True
Is 3827474449 composite?
False
Is 31765564679 a composite number?
False
Is 3028533787 a prime number?
False
Is 20666642989 prime?
False
Is 20473376537 composite?
True
Is 28131696779 a composite number?
False
Is 1112149517 composite?
False
Is 619333471 composite?
False
Is 40026215003 a prime number?
False
Is 2512238713 a prime number?
False
Is 2013112261 prime?
True
Is 1532179343 a composite number?
True
Is 5337480607 a composite number?
True
Is 1942128169 prime?
True
Is 176286265859 composite?
True
Is 1165482611 prime?
False
Is 333144989 composite?
True
Is 36517080449 a prime number?
False
Is 750096065 a prime number?
False
Is 1882686109 a composite number?
True
Is 32425140119 a prime number?
True
Is 2300362177 composite?
True
Is 17050448517 a prime number?
False
Is 10596014147 prime?
True
Is 66481541801 a prime number?
False
Is 110897407 composite?
True
Is 4994378979 a prime number?
False
Is 184196227 a composite number?
False
Is 1439060993 a composite number?
True
Is 2572337653 composite?
False
Is 157616278609 composite?
True
Is 9710583319 prime?
True
Is 1394658277 composite?
True
Is 454474874357 a composite number?
True
Is 5568090271 a composite number?
True
Is 1076505259 composite?
True
Is 23105273573 prime?
True
Is 7268521501 prime?
False
Is 215969699185 a composite number?
True
Is 85881882353 a prime number?
True
Is 6358062667 a composite number?
True
Is 1192960931 a composite number?
True
Is 107689273 a prime number?
True
Is 9897804911 a composite number?
False
Is 72816166967 composite?
True
Is 237852107 prime?
True
Is 51547147607 prime?
True
Is 27316478489 composite?
True
Is 112690347739 prime?
False
Is 2689611933 composite?
True
Is 10305486761 composite?
False
Is 1538264753 a prime number?
False
Is 33143138381 a composite number?
False
Is 7472796091 composite?
True
Is 33446411 prime?
True
Is 135158539871 composite?
False
Is 2518149243 a prime number?
False
Is 1260217781 a prime number?
True
Is 39430279783 a composite number?
False
Is 70016487785 prime?
False
Is 2983524877 composite?
False
Is 23923320121 a prime number?
True
Is 364490611 composite?
False
Is 12082425353 composite?
True
Is 902287163 composite?
False
Is 9328128137 composite?
True
Is 978506953 composite?
False
Is 776704283 prime?
True
Is 2739092935 a prime number?
False
Is 933344677 a prime number?
True
Is 49547194043 prime?
True
Is 28623152963 a composite number?
False
Is 164165543 composite?
False
Is 1313973599 a prime number?
False
Is 46685061679 a composite number?
True
Is 806488229 composite?
True
Is 742228834 a composite number?
True
Is 149769140047 a composite number?
True
Is 116334563 a composite number?
False
Is 15145689301 prime?
False
Is 1043149577 a composite number?
True
Is 8948796313 composite?
True
Is 3991895897 composite?
True
Is 445555753 prime?
True
Is 223620433079 composite?
True
Is 1693922897 a prime number?
True
Is 2863149353 a prime number?
True
Is 4753192159 a prime number?
True
Is 730289 a prime number?
False
Is 1605693497 a composite number?
True
Is 6486252359 composite?
True
Is 2900694919 prime?
True
Is 3599311 prime?
False
Is 428201633 composite?
True
Is 8271493943 prime?
True
Is 61977428827 a composite number?
False
Is 35861003 a composite number?
False
Is 350021095 composite?
True
Is 7266414313 composite?
False
Is 708324691 a prime number?
True
Is 116946755593 prime?
True
Is 55704960943 composite?
True
Is 7397389119 prime?
False
Is 2283781327 composite?
False
Is 15801008737 prime?
False
Is 953408929 a composite number?
True
Is 41451679817 prime?
True
Is 1902124211 composite?
True
Is 447847087 prime?
False
Is 2812063139 a composite number?
False
Is 4707957629 a composite number?
False
Is 4526039617 a prime number?
False
Is 781935017 prime?
False
Is 120896554202 composite?
True
Is 60656011 composite?
True
Is 1409810153 a prime number?
False
Is 17036112545 a composite number?
True
Is 2291211943 composite?
True
Is 1006523347 composite?
True
Is 539296207 a prime number?
True
Is 14276789357 a composite number?
False
Is 60946273769 a composite number?
True
Is 5450525861 a composite number?
True
Is 2596887217 a composite number?
True
Is 5956980509 a prime number?
False
Is 435210239 prime?
True
Is 44816860307 a composite number?
False
Is 4180049345 a prime number?
False
Is 349631867 prime?
False
Is 1873048643 a composite number?
False
Is 9546472751 prime?
True
Is 61395434693 a prime number?
False
Is 2292928487 prime?
True
Is 18678105319 composite?
False
Is 2326876577 composite?
False
Is 1828463149 a composite number?
True
Is 1723332943 prime?
False
Is 2007295481 composite?
False
Is 39443180299 a prime number?
True
Is 3943157203 a prime number?
True
Is 27263576027 a prime number?
False
Is 3987682687 prime?
True
Is 7162592561 composite?
True
Is 5248428599 a composite number?
False
Is 265343561123 a prime number?
False
Is 39915561799 a composite number?
True
Is 2080430854 a composite number?
True
Is 84114971 composite?
False
Is 2434791587 composite?
True
Is 474243221 composite?
False
Is 214346423 prime?
False
Is 5474614034 a composite number?
True
Is 2038741171 composite?
False
Is 637872937 a composite number?
True
Is 1204039871 prime?
False
Is 1453857967 composite?
True
Is 4669279037 a prime number?
True
Is 91460639 prime?
True
Is 11418631789 composite?
False
Is 2176856393 prime?
False
Is 8952532331 a composite number?
False
Is 11847569 composite?
False
Is 674528711 composite?
True
Is 2117178047 prime?
False
Is 958787497 a prime number?
True
Is 5266653701 a prime number?
False
Is 216570719 composite?
False
Is 93129369793 a composite number?
False
Is 177518038 a composite number?
True
Is 21046628793 a composite number?
True
Is 103265027479 composite?
True
Is 2501924537 a prime number?
False
Is 7779828443 composite?
False
Is 2110510421 composite?
False
Is 971246429 prime?
True
Is 37964533 a composite number?
False
Is 20142297407 a composite number?
False
Is 3886585361 a prime number?
True
Is 8639218213 prime?
False
Is 528754717 a composite number?
True
Is 53424673 composite?
False
Is 18007562501 a composite number?
False
Is 361362047 a composite number?
True
Is 288506359 a prime number?
False
Is 37889847409 composite?
False
Is 33925787437 a prime number?
True
Is 370837811 prime?
True
Is 621532343 prime?
True
Is 1201270457 composite?
False
Is 2666197 a composite number?
False
Is 1086095831 a prime number?
True
Is 25040156377 prime?
True
Is 4884685339 composite?
False
Is 2782340801 a composite number?
False
Is 34455375593 prime?
False
Is 29698723 a prime number?
False
Is 3063982241 prime?
False
Is 50778517 prime?
True
Is 30337981043 composite?
False
Is 6061572901 a composite number?
False
Is 1774076593 a composite number?
False
Is 405286961 prime?
False
Is 1300570679 prime?
True
Is 45394583981 composite?
True
Is 2891038726 prime?
False
Is 78220594555 a composite number?
True
Is 177591077 prime?
Tru